{"id":58,"date":"2023-03-20T20:11:38","date_gmt":"2023-03-20T20:11:38","guid":{"rendered":"https:\/\/akasyl-badiburg.de\/?page_id=58"},"modified":"2023-03-31T19:53:35","modified_gmt":"2023-03-31T19:53:35","slug":"sie-moechten-sich-engagieren","status":"publish","type":"page","link":"https:\/\/akasyl-badiburg.de\/?page_id=58","title":{"rendered":"Sie m\u00f6chten sich engagieren"},"content":{"rendered":"<p><img loading=\"lazy\" decoding=\"async\" class=\"wp-image-52 aligncenter\" src=\"https:\/\/akasyl-badiburg.de\/wp-content\/uploads\/2023\/03\/parent252_bcc-300x191.jpg\" alt=\"\" width=\"445\" height=\"283\" srcset=\"https:\/\/akasyl-badiburg.de\/wp-content\/uploads\/2023\/03\/parent252_bcc-300x191.jpg 300w, https:\/\/akasyl-badiburg.de\/wp-content\/uploads\/2023\/03\/parent252_bcc.jpg 486w\" sizes=\"auto, (max-width: 445px) 100vw, 445px\" \/><\/p>\n<p><span style=\"font-size: 14pt;\">Der \u00f6kumenische Arbeitskreis Asyl bietet Ihnen an, sich Ihren Neigungen, F\u00e4higkeiten und M\u00f6glichkeiten entsprechend als Mitglied in einem Team von hilfsbereiten, engagierten Ehrenamtlichen zu entfalten. Wir bieten Ihnen u.a. die M\u00f6glichkeit zur Mitarbeit in folgenden Bereichen:<\/span><\/p>\n<ul>\n<li><span style=\"font-size: 14pt;\">Deutschkurse besonders f\u00fcr Frauen<\/span><\/li>\n<li><span style=\"font-size: 14pt;\">Nachhilfe f\u00fcr Sch\u00fcler<\/span><\/li>\n<li><span style=\"font-size: 14pt;\">Dolmetschen<\/span><\/li>\n<li><span style=\"font-size: 14pt;\">Patenschaft<\/span><\/li>\n<li><span style=\"font-size: 14pt;\">Organisation im Arbeitskreis<\/span><\/li>\n<li><span style=\"font-size: 14pt;\">Fahrdienste, Hilfe bei Arztbesuchen und Transporten<\/span><\/li>\n<li><span style=\"font-size: 14pt;\">technische und handwerkliche Hilfeleistungen<\/span><\/li>\n<\/ul>\n","protected":false},"excerpt":{"rendered":"<p>Der \u00f6kumenische Arbeitskreis Asyl bietet Ihnen an, sich Ihren Neigungen, F\u00e4higkeiten und M\u00f6glichkeiten entsprechend als Mitglied in einem Team von hilfsbereiten, engagierten Ehrenamtlichen zu entfalten. Wir bieten Ihnen u.a. die M\u00f6glichkeit zur Mitarbeit in folgenden Bereichen: Deutschkurse besonders f\u00fcr Frauen Nachhilfe f\u00fcr Sch\u00fcler Dolmetschen Patenschaft Organisation im Arbeitskreis Fahrdienste, Hilfe bei Arztbesuchen und Transporten technische<\/p>\n<p class=\"more-link\"><a href=\"https:\/\/akasyl-badiburg.de\/?page_id=58\" class=\"themebutton2\">Read More<\/a><\/p>\n","protected":false},"author":2,"featured_media":0,"parent":0,"menu_order":0,"comment_status":"closed","ping_status":"closed","template":"","meta":{"_mc_calendar":[],"footnotes":""},"categories":[],"tags":[],"class_list":["post-58","page","type-page","status-publish","hentry"],"_links":{"self":[{"href":"https:\/\/akasyl-badiburg.de\/index.php?rest_route=\/wp\/v2\/pages\/58","targetHints":{"allow":["GET"]}}],"collection":[{"href":"https:\/\/akasyl-badiburg.de\/index.php?rest_route=\/wp\/v2\/pages"}],"about":[{"href":"https:\/\/akasyl-badiburg.de\/index.php?rest_route=\/wp\/v2\/types\/page"}],"author":[{"embeddable":true,"href":"https:\/\/akasyl-badiburg.de\/index.php?rest_route=\/wp\/v2\/users\/2"}],"replies":[{"embeddable":true,"href":"https:\/\/akasyl-badiburg.de\/index.php?rest_route=%2Fwp%2Fv2%2Fcomments&post=58"}],"version-history":[{"count":5,"href":"https:\/\/akasyl-badiburg.de\/index.php?rest_route=\/wp\/v2\/pages\/58\/revisions"}],"predecessor-version":[{"id":113,"href":"https:\/\/akasyl-badiburg.de\/index.php?rest_route=\/wp\/v2\/pages\/58\/revisions\/113"}],"wp:attachment":[{"href":"https:\/\/akasyl-badiburg.de\/index.php?rest_route=%2Fwp%2Fv2%2Fmedia&parent=58"}],"wp:term":[{"taxonomy":"category","embeddable":true,"href":"https:\/\/akasyl-badiburg.de\/index.php?rest_route=%2Fwp%2Fv2%2Fcategories&post=58"},{"taxonomy":"post_tag","embeddable":true,"href":"https:\/\/akasyl-badiburg.de\/index.php?rest_route=%2Fwp%2Fv2%2Ftags&post=58"}],"curies":[{"name":"wp","href":"https:\/\/api.w.org\/{rel}","templated":true}]}}