{"id":80,"date":"2023-03-22T19:24:04","date_gmt":"2023-03-22T19:24:04","guid":{"rendered":"https:\/\/akasyl-badiburg.de\/?page_id=80"},"modified":"2023-03-22T19:24:04","modified_gmt":"2023-03-22T19:24:04","slug":"ueber-uns","status":"publish","type":"page","link":"https:\/\/akasyl-badiburg.de\/?page_id=80","title":{"rendered":"\u00dcber uns"},"content":{"rendered":"<p><img loading=\"lazy\" decoding=\"async\" class=\"wp-image-50 aligncenter\" src=\"https:\/\/akasyl-badiburg.de\/wp-content\/uploads\/2023\/03\/51915261107_7ecf24063a_ccc-300x200.jpg\" alt=\"\" width=\"503\" height=\"335\" srcset=\"https:\/\/akasyl-badiburg.de\/wp-content\/uploads\/2023\/03\/51915261107_7ecf24063a_ccc-300x200.jpg 300w, https:\/\/akasyl-badiburg.de\/wp-content\/uploads\/2023\/03\/51915261107_7ecf24063a_ccc-768x512.jpg 768w, https:\/\/akasyl-badiburg.de\/wp-content\/uploads\/2023\/03\/51915261107_7ecf24063a_ccc-570x380.jpg 570w, https:\/\/akasyl-badiburg.de\/wp-content\/uploads\/2023\/03\/51915261107_7ecf24063a_ccc-380x254.jpg 380w, https:\/\/akasyl-badiburg.de\/wp-content\/uploads\/2023\/03\/51915261107_7ecf24063a_ccc-285x190.jpg 285w, https:\/\/akasyl-badiburg.de\/wp-content\/uploads\/2023\/03\/51915261107_7ecf24063a_ccc.jpg 799w\" sizes=\"auto, (max-width: 503px) 100vw, 503px\" \/><\/p>\n<p><span style=\"font-size: 14pt;\"><strong>Krieg, Vertreibung und Verfolgung, Hunger und Armut zwangen und zwingen Menschen weltweit zur Flucht: Sie fliehen aus Syrien oder dem Irak, aus Afghanistan oder dem Iran, aus Eritrea oder dem Sudan, aus anderen L\u00e4ndern \u2026 Sie machen sich auf den gef\u00e4hrlichen Weg, mit der Hoffnung auf eine bessere und sichere Zukunft. So kommen sie auch in unsere Stadt.<\/strong><\/span><br \/>\n<span style=\"font-size: 14pt;\"><strong>Seit \u00fcber 25 Jahren reichen ihnen die engagierten Ehrenamtlichen des \u00d6kumenischen Arbeitskreises Asyl in Bad Iburg solidarisch die Hand. Hilfsbereite B\u00fcrgerinnen und B\u00fcrger helfen den neuen Mitb\u00fcrgern bei Beh\u00f6rdeng\u00e4ngen, beim Erlernen der deutschen Sprache oder der Einrichtung von Wohnungen, begleiten bei Artbesuchen und vieles mehr. Oft entwickelten sich so Freundschaften, aus denen wir voneinander lernen konnten.<\/strong><\/span><\/p>\n<p>&nbsp;<\/p>\n","protected":false},"excerpt":{"rendered":"<p>Krieg, Vertreibung und Verfolgung, Hunger und Armut zwangen und zwingen Menschen weltweit zur Flucht: Sie fliehen aus Syrien oder dem Irak, aus Afghanistan oder dem Iran, aus Eritrea oder dem Sudan, aus anderen L\u00e4ndern \u2026 Sie machen sich auf den gef\u00e4hrlichen Weg, mit der Hoffnung auf eine bessere und sichere Zukunft. So kommen sie auch<\/p>\n<p class=\"more-link\"><a href=\"https:\/\/akasyl-badiburg.de\/?page_id=80\" class=\"themebutton2\">Read More<\/a><\/p>\n","protected":false},"author":2,"featured_media":0,"parent":0,"menu_order":0,"comment_status":"closed","ping_status":"closed","template":"","meta":{"_mc_calendar":[],"footnotes":""},"categories":[],"tags":[],"class_list":["post-80","page","type-page","status-publish","hentry"],"_links":{"self":[{"href":"https:\/\/akasyl-badiburg.de\/index.php?rest_route=\/wp\/v2\/pages\/80","targetHints":{"allow":["GET"]}}],"collection":[{"href":"https:\/\/akasyl-badiburg.de\/index.php?rest_route=\/wp\/v2\/pages"}],"about":[{"href":"https:\/\/akasyl-badiburg.de\/index.php?rest_route=\/wp\/v2\/types\/page"}],"author":[{"embeddable":true,"href":"https:\/\/akasyl-badiburg.de\/index.php?rest_route=\/wp\/v2\/users\/2"}],"replies":[{"embeddable":true,"href":"https:\/\/akasyl-badiburg.de\/index.php?rest_route=%2Fwp%2Fv2%2Fcomments&post=80"}],"version-history":[{"count":1,"href":"https:\/\/akasyl-badiburg.de\/index.php?rest_route=\/wp\/v2\/pages\/80\/revisions"}],"predecessor-version":[{"id":81,"href":"https:\/\/akasyl-badiburg.de\/index.php?rest_route=\/wp\/v2\/pages\/80\/revisions\/81"}],"wp:attachment":[{"href":"https:\/\/akasyl-badiburg.de\/index.php?rest_route=%2Fwp%2Fv2%2Fmedia&parent=80"}],"wp:term":[{"taxonomy":"category","embeddable":true,"href":"https:\/\/akasyl-badiburg.de\/index.php?rest_route=%2Fwp%2Fv2%2Fcategories&post=80"},{"taxonomy":"post_tag","embeddable":true,"href":"https:\/\/akasyl-badiburg.de\/index.php?rest_route=%2Fwp%2Fv2%2Ftags&post=80"}],"curies":[{"name":"wp","href":"https:\/\/api.w.org\/{rel}","templated":true}]}}